{"id":335,"date":"2019-11-21T19:47:35","date_gmt":"2019-11-21T19:47:35","guid":{"rendered":"http:\/\/zweirad-schmidt.net\/?page_id=335"},"modified":"2023-03-08T13:43:42","modified_gmt":"2023-03-08T13:43:42","slug":"motorisierte-fahrzeuge-2","status":"publish","type":"page","link":"http:\/\/zweirad-schmidt.net\/?page_id=335","title":{"rendered":"Motor Fahrzeuge"},"content":{"rendered":"\t\t<div data-elementor-type=\"wp-page\" data-elementor-id=\"335\" class=\"elementor elementor-335\" data-elementor-post-type=\"page\">\n\t\t\t\t\t\t<section class=\"elementor-section elementor-top-section elementor-element elementor-element-41fe0222 elementor-section-height-min-height elementor-section-stretched elementor-section-full_width elementor-section-height-default elementor-section-items-middle\" data-id=\"41fe0222\" data-element_type=\"section\" data-e-type=\"section\" data-settings=\"{&quot;background_background&quot;:&quot;classic&quot;,&quot;stretch_section&quot;:&quot;section-stretched&quot;}\">\n\t\t\t\t\t\t\t<div class=\"elementor-background-overlay\"><\/div>\n\t\t\t\t\t\t\t<div class=\"elementor-container elementor-column-gap-default\">\n\t\t\t\t\t<div class=\"elementor-column elementor-col-100 elementor-top-column elementor-element elementor-element-3cc6250\" data-id=\"3cc6250\" data-element_type=\"column\" data-e-type=\"column\">\n\t\t\t<div class=\"elementor-widget-wrap\">\n\t\t\t\t\t\t\t<\/div>\n\t\t<\/div>\n\t\t\t\t\t<\/div>\n\t\t<\/section>\n\t\t\t\t<section class=\"elementor-section elementor-top-section elementor-element elementor-element-1af1c3bb elementor-section-height-min-height elementor-section-stretched elementor-section-boxed elementor-section-height-default elementor-section-items-middle\" data-id=\"1af1c3bb\" data-element_type=\"section\" data-e-type=\"section\" data-settings=\"{&quot;background_background&quot;:&quot;classic&quot;,&quot;stretch_section&quot;:&quot;section-stretched&quot;}\">\n\t\t\t\t\t\t<div class=\"elementor-container elementor-column-gap-no\">\n\t\t\t\t\t<div class=\"elementor-column elementor-col-33 elementor-top-column elementor-element elementor-element-aadffbe\" data-id=\"aadffbe\" data-element_type=\"column\" data-e-type=\"column\">\n\t\t\t<div class=\"elementor-widget-wrap elementor-element-populated\">\n\t\t\t\t\t\t<div class=\"elementor-element elementor-element-c4828b0 elementor-widget elementor-widget-heading\" data-id=\"c4828b0\" data-element_type=\"widget\" data-e-type=\"widget\" data-widget_type=\"heading.default\">\n\t\t\t\t<div class=\"elementor-widget-container\">\n\t\t\t\t\t<h4 class=\"elementor-heading-title elementor-size-default\"><i class=\"fa fa-wrench\" aria-hidden=\"true\"><\/i> &nbsp; Moto SERVICE<\/h4>\t\t\t\t<\/div>\n\t\t\t\t<\/div>\n\t\t\t\t\t<\/div>\n\t\t<\/div>\n\t\t\t\t<div class=\"elementor-column elementor-col-66 elementor-top-column elementor-element elementor-element-6b1f16c\" data-id=\"6b1f16c\" data-element_type=\"column\" data-e-type=\"column\">\n\t\t\t<div class=\"elementor-widget-wrap elementor-element-populated\">\n\t\t\t\t\t\t<div class=\"elementor-element elementor-element-2ab9065 elementor-widget elementor-widget-heading\" data-id=\"2ab9065\" data-element_type=\"widget\" data-e-type=\"widget\" data-widget_type=\"heading.default\">\n\t\t\t\t<div class=\"elementor-widget-container\">\n\t\t\t\t\t<p class=\"elementor-heading-title elementor-size-default\">In unserer Meisterwerkstatt erwartet Sie ein professioneller Service und \u00fcber 30 Jahre Erfahrung:<br> \nWir erledigen gerne s\u00e4mtliche Arbeiten wie T\u00dcV \/ Eintragungen, DEKRA sowie w\u00f6chentliche AU`s\n - ohne Voranmeldung - Reifenservice, Reparaturen, Umbauten und Kundendienste oder einfach Ihre individuellen W\u00fcnsche.<br><br>Dar\u00fcber hinaus sind wir seit vielen Jahren Ihr Partner f\u00fcr Motor- Fahrzeuge und haben direkten  Zugriff auf diverse Marken. Die Kooperation mit vielen Markenhersteller versetzt uns in die Lage, Kundendienste nach Herstellervorgaben auszuf\u00fchren, originale Ersatzteile zu beschaffen und ggf. Garantiearbeiten ausf\u00fchren zu k\u00f6nnen. <strong><span style=\"color: #ffffff;font-size: 18px\"><span style=\"font-size: 20px\"><\/span><\/span><\/strong><br><br>Neben unserer Werkstatt bieten wir zus\u00e4tzlich den Verkauf von neuen oder gebrauchten, motorisierten Zweir\u00e4der, sowie deren Zubeh\u00f6r oder Ersatzteile an. <\/p>\t\t\t\t<\/div>\n\t\t\t\t<\/div>\n\t\t\t\t\t<\/div>\n\t\t<\/div>\n\t\t\t\t\t<\/div>\n\t\t<\/section>\n\t\t\t\t<section class=\"elementor-section elementor-top-section elementor-element elementor-element-4025cce elementor-section-content-middle elementor-section-height-min-height elementor-section-stretched elementor-section-full_width elementor-section-height-default elementor-section-items-middle\" data-id=\"4025cce\" data-element_type=\"section\" data-e-type=\"section\" data-settings=\"{&quot;background_background&quot;:&quot;classic&quot;,&quot;stretch_section&quot;:&quot;section-stretched&quot;}\">\n\t\t\t\t\t\t\t<div class=\"elementor-background-overlay\"><\/div>\n\t\t\t\t\t\t\t<div class=\"elementor-container elementor-column-gap-no\">\n\t\t\t\t\t<div class=\"elementor-column elementor-col-100 elementor-top-column elementor-element elementor-element-463b593\" data-id=\"463b593\" data-element_type=\"column\" data-e-type=\"column\">\n\t\t\t<div class=\"elementor-widget-wrap\">\n\t\t\t\t\t\t\t<\/div>\n\t\t<\/div>\n\t\t\t\t\t<\/div>\n\t\t<\/section>\n\t\t\t\t<\/div>\n\t\t","protected":false},"excerpt":{"rendered":"<div class=\"mh-excerpt\"><p>&nbsp; Moto SERVICE In unserer Meisterwerkstatt erwartet Sie ein professioneller Service und \u00fcber 30 Jahre Erfahrung: Wir erledigen gerne s\u00e4mtliche Arbeiten wie T\u00dcV \/ Eintragungen, DEKRA sowie w\u00f6chentliche AU`s &#8211; ohne Voranmeldung &#8211; Reifenservice, Reparaturen, <a class=\"mh-excerpt-more\" href=\"http:\/\/zweirad-schmidt.net\/?page_id=335\" title=\"Motor Fahrzeuge\">[&#8230;]<\/a><\/p>\n<\/div>","protected":false},"author":1,"featured_media":0,"parent":0,"menu_order":0,"comment_status":"closed","ping_status":"closed","template":"elementor_header_footer","meta":{"footnotes":""},"class_list":["post-335","page","type-page","status-publish"],"_links":{"self":[{"href":"http:\/\/zweirad-schmidt.net\/index.php?rest_route=\/wp\/v2\/pages\/335","targetHints":{"allow":["GET"]}}],"collection":[{"href":"http:\/\/zweirad-schmidt.net\/index.php?rest_route=\/wp\/v2\/pages"}],"about":[{"href":"http:\/\/zweirad-schmidt.net\/index.php?rest_route=\/wp\/v2\/types\/page"}],"author":[{"embeddable":true,"href":"http:\/\/zweirad-schmidt.net\/index.php?rest_route=\/wp\/v2\/users\/1"}],"replies":[{"embeddable":true,"href":"http:\/\/zweirad-schmidt.net\/index.php?rest_route=%2Fwp%2Fv2%2Fcomments&post=335"}],"version-history":[{"count":13,"href":"http:\/\/zweirad-schmidt.net\/index.php?rest_route=\/wp\/v2\/pages\/335\/revisions"}],"predecessor-version":[{"id":6366,"href":"http:\/\/zweirad-schmidt.net\/index.php?rest_route=\/wp\/v2\/pages\/335\/revisions\/6366"}],"wp:attachment":[{"href":"http:\/\/zweirad-schmidt.net\/index.php?rest_route=%2Fwp%2Fv2%2Fmedia&parent=335"}],"curies":[{"name":"wp","href":"https:\/\/api.w.org\/{rel}","templated":true}]}}